{"id":185,"date":"2015-04-20T22:56:56","date_gmt":"2015-04-20T22:56:56","guid":{"rendered":"http:\/\/malpaisediciones.com\/sitio\/?post_type=portfolio&#038;p=185"},"modified":"2025-07-08T12:59:46","modified_gmt":"2025-07-08T17:59:46","slug":"el-infierno-y-sus-tormentos-roberto-bellarmino","status":"publish","type":"portfolio","link":"http:\/\/malpaisediciones.com\/sitio\/portfolio\/el-infierno-y-sus-tormentos-roberto-bellarmino\/","title":{"rendered":"El infierno y sus tormentos, Roberto Bellarmino"},"content":{"rendered":"\r\n<p>&nbsp;<\/p>\r\n\r\n\r\n\r\n<figure class=\"wp-block-image size-full\"><a href=\"http:\/\/malpaisediciones.com\/sitio\/wp-content\/uploads\/2012\/06\/agotado2.png\"><img loading=\"lazy\" decoding=\"async\" width=\"300\" height=\"123\" src=\"http:\/\/malpaisediciones.com\/sitio\/wp-content\/uploads\/2012\/06\/agotado2.png\" alt=\"\" class=\"wp-image-263\"\/><\/a><\/figure>\r\n\r\n\r\n\r\n<p><strong>Traducci\u00f3n y estudio introductorio de J. Rafael Mart\u00ednez E.<\/strong><\/p>\r\n\r\n\r\n\r\n<p>Sobre hombros de gigantes como los de Galileo se erigieron las columnas de la nueva ciencia que vendr\u00eda a reemplazar la vetusta filosof\u00eda natural derivada \u2014con algunas adecuaciones realizadas a lo largo del Medievo\u2014 de la f\u00edsica aristot\u00e9lica.<br>Sorprende en nuestros d\u00edas saber que ese mismo Galileo, patrono de hurgar en la naturaleza cuando de entenderla se tratara, impulsor de una faceta m\u00e1s cercana de lo que hoy en d\u00eda significa experimentar, se ocupara de dirimir una pol\u00e9mica surgida en torno de las opiniones de dos personajes \u2014Antonio di Tuccio Manetti y Alessandro Vellutello\u2014 acerca de las dimensiones y figura del Infierno. Ambos tomaban como referente las descripciones de esta regi\u00f3n que aparec\u00edan en la <em>Comedia<\/em> de Dante, y Galileo, por entonces un joven acad\u00e9mico, versado por igual en literatura, m\u00fasica, pintura y matem\u00e1ticas, representaba una excelente opci\u00f3n para dilucidar la forma, lugar y medidas de ese espacio de c\u00edrculos jerarquizados que parec\u00eda gozar de una realidad tan concreta como los territorios donde transcurr\u00eda la cotidianeidad de la vida.<br>\u00bfCab\u00eda dudar de la existencia de este espacio luciferino, tantas veces referido en textos, im\u00e1genes y sermones? Ciertamente no, y tan concreta era su presencia en la mentalidad cristiana que constitu\u00eda un elemento destacado en los llamados a recuperar la senda de la fe y abandonar el pecado, si no por otra cosa, por el temor a ser remitido durante lo que quedaba de la eternidad a las moradas infernales.<br>El texto del cardenal Bellarmino \u2014<em>El infierno y sus tormentos<\/em>\u2014, que aqu\u00ed se incluye, junto con la introducci\u00f3n que le precede, se conjugan para recuperar la visi\u00f3n de una \u00e9poca en la que solo una especie de <em>sfumato<\/em> parec\u00eda separar lo real de lo imaginario, lo que se sabe de lo que se cree o se teme.<\/p>\r\n\r\n\r\n\r\n<p><strong>Ilustraciones:<\/strong> Santiago Robles<\/p>\r\n\r\n\r\n\r\n<p>80 pp \/ 16.5 x 23 cm<\/p>\r\n\r\n\r\n\r\n<p><strong>ISBN: 978-607-96644-0-4<\/strong><\/p>\r\n\r\n\r\n<p><a class=\"btnComprar\" href=\"https:\/\/malpaisediciones.com\/sitio\/producto\/el-infierno-y-sus-tormentos\/\">Comprar<\/a><\/p>","protected":false},"excerpt":{"rendered":"<p>&nbsp; Traducci\u00f3n y estudio introductorio de J. Rafael Mart\u00ednez E. Sobre hombros de gigantes como los de Galileo se erigieron las columnas de la nueva ciencia que vendr\u00eda a reemplazar la vetusta filosof\u00eda natural derivada \u2014con algunas adecuaciones realizadas a lo largo del Medievo\u2014 de la f\u00edsica aristot\u00e9lica.Sorprende en nuestros d\u00edas saber que ese mismo&#8230;<\/p>\n","protected":false},"author":1,"featured_media":186,"comment_status":"closed","ping_status":"closed","template":"","meta":{"_acf_changed":false,"footnotes":""},"portfolio_category":[51],"class_list":["post-185","portfolio","type-portfolio","status-publish","has-post-thumbnail","hentry","portfolio_category-ensayo"],"acf":[],"_links":{"self":[{"href":"http:\/\/malpaisediciones.com\/sitio\/wp-json\/wp\/v2\/portfolio\/185","targetHints":{"allow":["GET"]}}],"collection":[{"href":"http:\/\/malpaisediciones.com\/sitio\/wp-json\/wp\/v2\/portfolio"}],"about":[{"href":"http:\/\/malpaisediciones.com\/sitio\/wp-json\/wp\/v2\/types\/portfolio"}],"author":[{"embeddable":true,"href":"http:\/\/malpaisediciones.com\/sitio\/wp-json\/wp\/v2\/users\/1"}],"replies":[{"embeddable":true,"href":"http:\/\/malpaisediciones.com\/sitio\/wp-json\/wp\/v2\/comments?post=185"}],"version-history":[{"count":6,"href":"http:\/\/malpaisediciones.com\/sitio\/wp-json\/wp\/v2\/portfolio\/185\/revisions"}],"predecessor-version":[{"id":4150,"href":"http:\/\/malpaisediciones.com\/sitio\/wp-json\/wp\/v2\/portfolio\/185\/revisions\/4150"}],"wp:featuredmedia":[{"embeddable":true,"href":"http:\/\/malpaisediciones.com\/sitio\/wp-json\/wp\/v2\/media\/186"}],"wp:attachment":[{"href":"http:\/\/malpaisediciones.com\/sitio\/wp-json\/wp\/v2\/media?parent=185"}],"wp:term":[{"taxonomy":"portfolio_category","embeddable":true,"href":"http:\/\/malpaisediciones.com\/sitio\/wp-json\/wp\/v2\/portfolio_category?post=185"}],"curies":[{"name":"wp","href":"https:\/\/api.w.org\/{rel}","templated":true}]}}

<p>&nbsp;</p>



<figure class="wp-block-image size-full"><a href="http://malpaisediciones.com/sitio/wp-content/uploads/2012/06/agotado2.png"><img loading="lazy" decoding="async" width="300" height="123" src="http://malpaisediciones.com/sitio/wp-content/uploads/2012/06/agotado2.png" alt="" class="wp-image-263"/></a></figure>



<p><strong>Traducción y estudio introductorio de J. Rafael Martínez E.</strong></p>



<p>Sobre hombros de gigantes como los de Galileo se erigieron las columnas de la nueva ciencia que vendría a reemplazar la vetusta filosofía natural derivada —con algunas adecuaciones realizadas a lo largo del Medievo— de la física aristotélica.<br>Sorprende en nuestros días saber que ese mismo Galileo, patrono de hurgar en la naturaleza cuando de entenderla se tratara, impulsor de una faceta más cercana de lo que hoy en día significa experimentar, se ocupara de dirimir una polémica surgida en torno de las opiniones de dos personajes —Antonio di Tuccio Manetti y Alessandro Vellutello— acerca de las dimensiones y figura del Infierno. Ambos tomaban como referente las descripciones de esta región que aparecían en la <em>Comedia</em> de Dante, y Galileo, por entonces un joven académico, versado por igual en literatura, música, pintura y matemáticas, representaba una excelente opción para dilucidar la forma, lugar y medidas de ese espacio de círculos jerarquizados que parecía gozar de una realidad tan concreta como los territorios donde transcurría la cotidianeidad de la vida.<br>¿Cabía dudar de la existencia de este espacio luciferino, tantas veces referido en textos, imágenes y sermones? Ciertamente no, y tan concreta era su presencia en la mentalidad cristiana que constituía un elemento destacado en los llamados a recuperar la senda de la fe y abandonar el pecado, si no por otra cosa, por el temor a ser remitido durante lo que quedaba de la eternidad a las moradas infernales.<br>El texto del cardenal Bellarmino —<em>El infierno y sus tormentos</em>—, que aquí se incluye, junto con la introducción que le precede, se conjugan para recuperar la visión de una época en la que solo una especie de <em>sfumato</em> parecía separar lo real de lo imaginario, lo que se sabe de lo que se cree o se teme.</p>



<p><strong>Ilustraciones:</strong> Santiago Robles</p>



<p>80 pp / 16.5 x 23 cm</p>



<p><strong>ISBN: 978-607-96644-0-4</strong></p>


<p><a class="btnComprar" href="https://malpaisediciones.com/sitio/producto/el-infierno-y-sus-tormentos/">Comprar</a></p>

<p>&nbsp; Traducción y estudio introductorio de J. Rafael Martínez E. Sobre hombros de gigantes como los de Galileo se erigieron las columnas de la nueva ciencia que vendría a reemplazar la vetusta filosofía natural derivada —con algunas adecuaciones realizadas a lo largo del Medievo— de la física aristotélica.Sorprende en nuestros días saber que ese mismo&#8230;</p>
