{"id":192,"date":"2015-04-12T16:31:33","date_gmt":"2015-04-12T16:31:33","guid":{"rendered":"http:\/\/malpaisediciones.com\/sitio\/?post_type=portfolio&#038;p=192"},"modified":"2025-07-08T13:50:44","modified_gmt":"2025-07-08T18:50:44","slug":"hikuri-jose-vicente-anaya","status":"publish","type":"portfolio","link":"http:\/\/malpaisediciones.com\/sitio\/portfolio\/hikuri-jose-vicente-anaya\/","title":{"rendered":"Hikuri"},"content":{"rendered":"<p><strong>Jos\u00e9 Vicente Anaya<\/strong><\/p>\n<p>\u201cEn el \u00e1mbito de la poes\u00eda mexicana, a veces tan decorosa y preocupada por la pureza del lenguaje, este poema de Anaya vino a contraponerse siguiendo la tradici\u00f3n de la \u201cpoes\u00eda maldita\u201d. <em>H\u00edkuri<\/em> es un poema maldito por la tem\u00e1tica: la visi\u00f3n po\u00e9tica a partir del uso de un agente psicotr\u00f3pico; por la forma: una alteraci\u00f3n de la escritura a partir de una manifestaci\u00f3n oral de la voz po\u00e9tica; por la situaci\u00f3n de enunciaci\u00f3n: un sujeto arrinconado en las lindes de aquello que la m\u00e1quina social del capitalismo ha querido olvidar. Esto es lo que ha convertido a <em>H\u00edkuri<\/em> en un poema de culto entre la sociedad contempor\u00e1nea que gusta de vivir momentos de desahogo ante su imposible realidad.\u201d Alejandro Palma Castro y Gustavo Osorio de Ita.<\/p>\n<p>120 pp \/ 10.5 x 16 cm<\/p>\n<p><strong>ISBN: 978-607-96628-4-4<\/strong><\/p>\n<p><a class=\"btnComprar\" href=\"https:\/\/malpaisediciones.com\/sitio\/producto\/hikuri\/\">Comprar<\/a><\/p>\n","protected":false},"excerpt":{"rendered":"<p>Jos\u00e9 Vicente Anaya \u201cEn el \u00e1mbito de la poes\u00eda mexicana, a veces tan decorosa y preocupada por la pureza del lenguaje, este poema de Anaya vino a contraponerse siguiendo la tradici\u00f3n de la \u201cpoes\u00eda maldita\u201d. H\u00edkuri es un poema maldito por la tem\u00e1tica: la visi\u00f3n po\u00e9tica a partir del uso de un agente psicotr\u00f3pico; por&#8230;<\/p>\n","protected":false},"author":1,"featured_media":201,"comment_status":"closed","ping_status":"closed","template":"","meta":{"_acf_changed":false,"footnotes":""},"portfolio_category":[54,50],"class_list":["post-192","portfolio","type-portfolio","status-publish","has-post-thumbnail","hentry","portfolio_category-archivo-negro","portfolio_category-poesia"],"acf":[],"_links":{"self":[{"href":"http:\/\/malpaisediciones.com\/sitio\/wp-json\/wp\/v2\/portfolio\/192","targetHints":{"allow":["GET"]}}],"collection":[{"href":"http:\/\/malpaisediciones.com\/sitio\/wp-json\/wp\/v2\/portfolio"}],"about":[{"href":"http:\/\/malpaisediciones.com\/sitio\/wp-json\/wp\/v2\/types\/portfolio"}],"author":[{"embeddable":true,"href":"http:\/\/malpaisediciones.com\/sitio\/wp-json\/wp\/v2\/users\/1"}],"replies":[{"embeddable":true,"href":"http:\/\/malpaisediciones.com\/sitio\/wp-json\/wp\/v2\/comments?post=192"}],"version-history":[{"count":4,"href":"http:\/\/malpaisediciones.com\/sitio\/wp-json\/wp\/v2\/portfolio\/192\/revisions"}],"predecessor-version":[{"id":4176,"href":"http:\/\/malpaisediciones.com\/sitio\/wp-json\/wp\/v2\/portfolio\/192\/revisions\/4176"}],"wp:featuredmedia":[{"embeddable":true,"href":"http:\/\/malpaisediciones.com\/sitio\/wp-json\/wp\/v2\/media\/201"}],"wp:attachment":[{"href":"http:\/\/malpaisediciones.com\/sitio\/wp-json\/wp\/v2\/media?parent=192"}],"wp:term":[{"taxonomy":"portfolio_category","embeddable":true,"href":"http:\/\/malpaisediciones.com\/sitio\/wp-json\/wp\/v2\/portfolio_category?post=192"}],"curies":[{"name":"wp","href":"https:\/\/api.w.org\/{rel}","templated":true}]}}

<p><strong>José Vicente Anaya</strong></p>
<p>“En el ámbito de la poesía mexicana, a veces tan decorosa y preocupada por la pureza del lenguaje, este poema de Anaya vino a contraponerse siguiendo la tradición de la “poesía maldita”. <em>Híkuri</em> es un poema maldito por la temática: la visión poética a partir del uso de un agente psicotrópico; por la forma: una alteración de la escritura a partir de una manifestación oral de la voz poética; por la situación de enunciación: un sujeto arrinconado en las lindes de aquello que la máquina social del capitalismo ha querido olvidar. Esto es lo que ha convertido a <em>Híkuri</em> en un poema de culto entre la sociedad contemporánea que gusta de vivir momentos de desahogo ante su imposible realidad.” Alejandro Palma Castro y Gustavo Osorio de Ita.</p>
<p>120 pp / 10.5 x 16 cm</p>
<p><strong>ISBN: 978-607-96628-4-4</strong></p>
<p><a class="btnComprar" href="https://malpaisediciones.com/sitio/producto/hikuri/">Comprar</a></p>

<p>José Vicente Anaya “En el ámbito de la poesía mexicana, a veces tan decorosa y preocupada por la pureza del lenguaje, este poema de Anaya vino a contraponerse siguiendo la tradición de la “poesía maldita”. Híkuri es un poema maldito por la temática: la visión poética a partir del uso de un agente psicotrópico; por&#8230;</p>
