{"id":208,"date":"2015-04-12T16:36:25","date_gmt":"2015-04-12T16:36:25","guid":{"rendered":"http:\/\/malpaisediciones.com\/sitio\/?post_type=portfolio&#038;p=208"},"modified":"2025-07-08T22:13:10","modified_gmt":"2025-07-09T03:13:10","slug":"radio-kyn-taniya","status":"publish","type":"portfolio","link":"http:\/\/malpaisediciones.com\/sitio\/portfolio\/radio-kyn-taniya\/","title":{"rendered":"Radio. Poema inal\u00e1mbrico en trece mensajes"},"content":{"rendered":"<p>Kyn Taniya<\/p>\n<p>\u201cKyn taniya y su obra po\u00e9tica puede que no sea estridentista y m\u00e1s bien se apegue de manera general a la vanguardia sin que podamos fijarle un ismo en particular. Me refiero en espec\u00edfico a considerar que tanto <em>Avi\u00f3n<\/em> como <em>Radio<\/em> se asientan en una suerte de modernismo literario desde donde exploran y detonan ciertos artificios vanguardistas para bus-car acomodo al individuo que ha sido presa del discurso modernizador.\u201d Alejandro Palma<\/p>\n<p>64 pp \/ 10.5 x 16 cm<\/p>\n<p><strong>ISBN: 978-607-96628-0-6<\/strong><\/p>\n<p><a class=\"btnComprar\" href=\"https:\/\/malpaisediciones.com\/sitio\/producto\/radio-poema-inalambrico-en-trece-mensajes\/\">Comprar<\/a><\/p>\n","protected":false},"excerpt":{"rendered":"<p>Kyn Taniya \u201cKyn taniya y su obra po\u00e9tica puede que no sea estridentista y m\u00e1s bien se apegue de manera general a la vanguardia sin que podamos fijarle un ismo en particular. Me refiero en espec\u00edfico a considerar que tanto Avi\u00f3n como Radio se asientan en una suerte de modernismo literario desde donde exploran y&#8230;<\/p>\n","protected":false},"author":1,"featured_media":196,"comment_status":"closed","ping_status":"closed","template":"","meta":{"_acf_changed":false,"footnotes":""},"portfolio_category":[54,50],"class_list":["post-208","portfolio","type-portfolio","status-publish","has-post-thumbnail","hentry","portfolio_category-archivo-negro","portfolio_category-poesia"],"acf":[],"_links":{"self":[{"href":"http:\/\/malpaisediciones.com\/sitio\/wp-json\/wp\/v2\/portfolio\/208","targetHints":{"allow":["GET"]}}],"collection":[{"href":"http:\/\/malpaisediciones.com\/sitio\/wp-json\/wp\/v2\/portfolio"}],"about":[{"href":"http:\/\/malpaisediciones.com\/sitio\/wp-json\/wp\/v2\/types\/portfolio"}],"author":[{"embeddable":true,"href":"http:\/\/malpaisediciones.com\/sitio\/wp-json\/wp\/v2\/users\/1"}],"replies":[{"embeddable":true,"href":"http:\/\/malpaisediciones.com\/sitio\/wp-json\/wp\/v2\/comments?post=208"}],"version-history":[{"count":4,"href":"http:\/\/malpaisediciones.com\/sitio\/wp-json\/wp\/v2\/portfolio\/208\/revisions"}],"predecessor-version":[{"id":4243,"href":"http:\/\/malpaisediciones.com\/sitio\/wp-json\/wp\/v2\/portfolio\/208\/revisions\/4243"}],"wp:featuredmedia":[{"embeddable":true,"href":"http:\/\/malpaisediciones.com\/sitio\/wp-json\/wp\/v2\/media\/196"}],"wp:attachment":[{"href":"http:\/\/malpaisediciones.com\/sitio\/wp-json\/wp\/v2\/media?parent=208"}],"wp:term":[{"taxonomy":"portfolio_category","embeddable":true,"href":"http:\/\/malpaisediciones.com\/sitio\/wp-json\/wp\/v2\/portfolio_category?post=208"}],"curies":[{"name":"wp","href":"https:\/\/api.w.org\/{rel}","templated":true}]}}

Radio. Poema inalámbrico en trece mensajes

<p>Kyn Taniya</p>
<p>“Kyn taniya y su obra poética puede que no sea estridentista y más bien se apegue de manera general a la vanguardia sin que podamos fijarle un ismo en particular. Me refiero en específico a considerar que tanto <em>Avión</em> como <em>Radio</em> se asientan en una suerte de modernismo literario desde donde exploran y detonan ciertos artificios vanguardistas para bus-car acomodo al individuo que ha sido presa del discurso modernizador.” Alejandro Palma</p>
<p>64 pp / 10.5 x 16 cm</p>
<p><strong>ISBN: 978-607-96628-0-6</strong></p>
<p><a class="btnComprar" href="https://malpaisediciones.com/sitio/producto/radio-poema-inalambrico-en-trece-mensajes/">Comprar</a></p>

<p>Kyn Taniya “Kyn taniya y su obra poética puede que no sea estridentista y más bien se apegue de manera general a la vanguardia sin que podamos fijarle un ismo en particular. Me refiero en específico a considerar que tanto Avión como Radio se asientan en una suerte de modernismo literario desde donde exploran y&#8230;</p>
