{"id":32,"date":"2012-07-17T03:44:08","date_gmt":"2012-07-17T03:44:08","guid":{"rendered":"http:\/\/malpaisediciones.com\/sitio\/?post_type=portfolio&#038;p=32"},"modified":"2025-07-08T22:03:36","modified_gmt":"2025-07-09T03:03:36","slug":"poemas-ineditos-max-rojas","status":"publish","type":"portfolio","link":"http:\/\/malpaisediciones.com\/sitio\/portfolio\/poemas-ineditos-max-rojas\/","title":{"rendered":"Poemas in\u00e9ditos"},"content":{"rendered":"<p><strong>Max Rojas<\/strong><\/p>\n<p>En <em>Poemas in\u00e9ditos<\/em> se descubre al poeta Max Rojas en una etapa plena de experimentaci\u00f3n. El primer poema \u201cFunerales del ahogado en la noche\u201d (escrito en 1963) conjunta una atm\u00f3sfera asfixiante con el uso de met\u00e1foras donde los referentes se contraponen o resultan lejanos, lo que parad\u00f3jicamente desata el desconcierto en el lector, asimismo es notable el uso de neologismos y rompimientos abruptos del verso. Mientras que en \u201cDescubrimientos y naufragios\u201d (escrito en 1966), el poeta experimenta totalmente los alcances de lenguaje, el neologismo se vuelve principio y fin del poema con resultados admirables.<\/p>\n<p>Triptico: 12 x 20 cm<\/p>\n<p><strong>Edici\u00f3n especial<\/strong><\/p>\n<p><a class=\"btnComprar\" href=\"https:\/\/malpaisediciones.com\/sitio\/producto\/poemas-ineditos\/\">Comprar<\/a><\/p>\n","protected":false},"excerpt":{"rendered":"<p>Max Rojas En Poemas in\u00e9ditos se descubre al poeta Max Rojas en una etapa plena de experimentaci\u00f3n. El primer poema \u201cFunerales del ahogado en la noche\u201d (escrito en 1963) conjunta una atm\u00f3sfera asfixiante con el uso de met\u00e1foras donde los referentes se contraponen o resultan lejanos, lo que parad\u00f3jicamente desata el desconcierto en el lector,&#8230;<\/p>\n","protected":false},"author":1,"featured_media":112,"comment_status":"closed","ping_status":"closed","template":"","meta":{"_acf_changed":false,"footnotes":""},"portfolio_category":[50],"class_list":["post-32","portfolio","type-portfolio","status-publish","has-post-thumbnail","hentry","portfolio_category-poesia"],"acf":[],"_links":{"self":[{"href":"http:\/\/malpaisediciones.com\/sitio\/wp-json\/wp\/v2\/portfolio\/32","targetHints":{"allow":["GET"]}}],"collection":[{"href":"http:\/\/malpaisediciones.com\/sitio\/wp-json\/wp\/v2\/portfolio"}],"about":[{"href":"http:\/\/malpaisediciones.com\/sitio\/wp-json\/wp\/v2\/types\/portfolio"}],"author":[{"embeddable":true,"href":"http:\/\/malpaisediciones.com\/sitio\/wp-json\/wp\/v2\/users\/1"}],"replies":[{"embeddable":true,"href":"http:\/\/malpaisediciones.com\/sitio\/wp-json\/wp\/v2\/comments?post=32"}],"version-history":[{"count":4,"href":"http:\/\/malpaisediciones.com\/sitio\/wp-json\/wp\/v2\/portfolio\/32\/revisions"}],"predecessor-version":[{"id":4239,"href":"http:\/\/malpaisediciones.com\/sitio\/wp-json\/wp\/v2\/portfolio\/32\/revisions\/4239"}],"wp:featuredmedia":[{"embeddable":true,"href":"http:\/\/malpaisediciones.com\/sitio\/wp-json\/wp\/v2\/media\/112"}],"wp:attachment":[{"href":"http:\/\/malpaisediciones.com\/sitio\/wp-json\/wp\/v2\/media?parent=32"}],"wp:term":[{"taxonomy":"portfolio_category","embeddable":true,"href":"http:\/\/malpaisediciones.com\/sitio\/wp-json\/wp\/v2\/portfolio_category?post=32"}],"curies":[{"name":"wp","href":"https:\/\/api.w.org\/{rel}","templated":true}]}}

Poemas inéditos

<p><strong>Max Rojas</strong></p>
<p>En <em>Poemas inéditos</em> se descubre al poeta Max Rojas en una etapa plena de experimentación. El primer poema “Funerales del ahogado en la noche” (escrito en 1963) conjunta una atmósfera asfixiante con el uso de metáforas donde los referentes se contraponen o resultan lejanos, lo que paradójicamente desata el desconcierto en el lector, asimismo es notable el uso de neologismos y rompimientos abruptos del verso. Mientras que en “Descubrimientos y naufragios” (escrito en 1966), el poeta experimenta totalmente los alcances de lenguaje, el neologismo se vuelve principio y fin del poema con resultados admirables.</p>
<p>Triptico: 12 x 20 cm</p>
<p><strong>Edición especial</strong></p>
<p><a class="btnComprar" href="https://malpaisediciones.com/sitio/producto/poemas-ineditos/">Comprar</a></p>

<p>Max Rojas En Poemas inéditos se descubre al poeta Max Rojas en una etapa plena de experimentación. El primer poema “Funerales del ahogado en la noche” (escrito en 1963) conjunta una atmósfera asfixiante con el uso de metáforas donde los referentes se contraponen o resultan lejanos, lo que paradójicamente desata el desconcierto en el lector,&#8230;</p>
