{"id":417,"date":"2017-01-24T03:06:56","date_gmt":"2017-01-24T03:06:56","guid":{"rendered":"http:\/\/malpaisediciones.com\/sitio\/?post_type=portfolio&#038;p=417"},"modified":"2025-07-08T13:01:26","modified_gmt":"2025-07-08T18:01:26","slug":"el-paseante","status":"publish","type":"portfolio","link":"http:\/\/malpaisediciones.com\/sitio\/portfolio\/el-paseante\/","title":{"rendered":"El Paseante"},"content":{"rendered":"\r\n<figure class=\"wp-block-image size-full\"><a href=\"http:\/\/malpaisediciones.com\/sitio\/wp-content\/uploads\/2012\/06\/agotado2.png\"><img loading=\"lazy\" decoding=\"async\" width=\"300\" height=\"123\" src=\"http:\/\/malpaisediciones.com\/sitio\/wp-content\/uploads\/2012\/06\/agotado2.png\" alt=\"\" class=\"wp-image-263\"\/><\/a><\/figure>\r\n\r\n\r\n\r\n<p><strong>Antonio Calera-Grobet<\/strong><\/p>\r\n\r\n\r\n\r\n<p>Con <em>El Paseante<\/em>, Antonio Calera-Grobet se apropia del mundo en forma sibar\u00edtica, lo degusta y desmenuza, no teme comer hasta el hartazgo y as\u00ed nos lo hace saber. Nos convida de este ejercicio gozoso de memoria y andanzas, construido con frases cercanas al aforismo. Estamos, as\u00ed, frente a la obra de un paseante consumado, contumaz, que entiende a la perfecci\u00f3n que la hoguera de la memoria, y de la creatividad art\u00edstica, arde m\u00e1s si se alimenta con pasos.<br><em>Aldo Rosales Vel\u00e1zquez<\/em><\/p>\r\n\r\n\r\n\r\n<p><strong>Ilustraciones de:<\/strong> Jos\u00e9 (Perro Dibujado)<\/p>\r\n\r\n\r\n\r\n<p>160 pp \/ 12 x 19 cm<\/p>\r\n\r\n\r\n\r\n<p><strong>ISBN: 978-607-96644-6-6<\/strong><\/p>\r\n\r\n\r\n<p><a class=\"btnComprar\" href=\"https:\/\/malpaisediciones.com\/sitio\/producto\/el-paseante\/\">Comprar<\/a><\/p>","protected":false},"excerpt":{"rendered":"<p>Antonio Calera-Grobet Con El Paseante, Antonio Calera-Grobet se apropia del mundo en forma sibar\u00edtica, lo degusta y desmenuza, no teme comer hasta el hartazgo y as\u00ed nos lo hace saber. Nos convida de este ejercicio gozoso de memoria y andanzas, construido con frases cercanas al aforismo. Estamos, as\u00ed, frente a la obra de un paseante&#8230;<\/p>\n","protected":false},"author":1,"featured_media":425,"comment_status":"closed","ping_status":"closed","template":"","meta":{"_acf_changed":false,"footnotes":""},"portfolio_category":[48],"class_list":["post-417","portfolio","type-portfolio","status-publish","has-post-thumbnail","hentry","portfolio_category-cronica"],"acf":[],"_links":{"self":[{"href":"http:\/\/malpaisediciones.com\/sitio\/wp-json\/wp\/v2\/portfolio\/417","targetHints":{"allow":["GET"]}}],"collection":[{"href":"http:\/\/malpaisediciones.com\/sitio\/wp-json\/wp\/v2\/portfolio"}],"about":[{"href":"http:\/\/malpaisediciones.com\/sitio\/wp-json\/wp\/v2\/types\/portfolio"}],"author":[{"embeddable":true,"href":"http:\/\/malpaisediciones.com\/sitio\/wp-json\/wp\/v2\/users\/1"}],"replies":[{"embeddable":true,"href":"http:\/\/malpaisediciones.com\/sitio\/wp-json\/wp\/v2\/comments?post=417"}],"version-history":[{"count":5,"href":"http:\/\/malpaisediciones.com\/sitio\/wp-json\/wp\/v2\/portfolio\/417\/revisions"}],"predecessor-version":[{"id":4152,"href":"http:\/\/malpaisediciones.com\/sitio\/wp-json\/wp\/v2\/portfolio\/417\/revisions\/4152"}],"wp:featuredmedia":[{"embeddable":true,"href":"http:\/\/malpaisediciones.com\/sitio\/wp-json\/wp\/v2\/media\/425"}],"wp:attachment":[{"href":"http:\/\/malpaisediciones.com\/sitio\/wp-json\/wp\/v2\/media?parent=417"}],"wp:term":[{"taxonomy":"portfolio_category","embeddable":true,"href":"http:\/\/malpaisediciones.com\/sitio\/wp-json\/wp\/v2\/portfolio_category?post=417"}],"curies":[{"name":"wp","href":"https:\/\/api.w.org\/{rel}","templated":true}]}}

<figure class="wp-block-image size-full"><a href="http://malpaisediciones.com/sitio/wp-content/uploads/2012/06/agotado2.png"><img loading="lazy" decoding="async" width="300" height="123" src="http://malpaisediciones.com/sitio/wp-content/uploads/2012/06/agotado2.png" alt="" class="wp-image-263"/></a></figure>



<p><strong>Antonio Calera-Grobet</strong></p>



<p>Con <em>El Paseante</em>, Antonio Calera-Grobet se apropia del mundo en forma sibarítica, lo degusta y desmenuza, no teme comer hasta el hartazgo y así nos lo hace saber. Nos convida de este ejercicio gozoso de memoria y andanzas, construido con frases cercanas al aforismo. Estamos, así, frente a la obra de un paseante consumado, contumaz, que entiende a la perfección que la hoguera de la memoria, y de la creatividad artística, arde más si se alimenta con pasos.<br><em>Aldo Rosales Velázquez</em></p>



<p><strong>Ilustraciones de:</strong> José (Perro Dibujado)</p>



<p>160 pp / 12 x 19 cm</p>



<p><strong>ISBN: 978-607-96644-6-6</strong></p>


<p><a class="btnComprar" href="https://malpaisediciones.com/sitio/producto/el-paseante/">Comprar</a></p>

<p>Antonio Calera-Grobet Con El Paseante, Antonio Calera-Grobet se apropia del mundo en forma sibarítica, lo degusta y desmenuza, no teme comer hasta el hartazgo y así nos lo hace saber. Nos convida de este ejercicio gozoso de memoria y andanzas, construido con frases cercanas al aforismo. Estamos, así, frente a la obra de un paseante&#8230;</p>
