{"id":499,"date":"2017-10-21T00:46:25","date_gmt":"2017-10-21T00:46:25","guid":{"rendered":"http:\/\/malpaisediciones.com\/sitio\/?post_type=portfolio&#038;p=499"},"modified":"2025-07-08T22:07:00","modified_gmt":"2025-07-09T03:07:00","slug":"pueblerio","status":"publish","type":"portfolio","link":"http:\/\/malpaisediciones.com\/sitio\/portfolio\/pueblerio\/","title":{"rendered":"Puebler\u00edo"},"content":{"rendered":"\r\n<p>&nbsp;<\/p>\r\n\r\n\r\n\r\n<figure class=\"wp-block-image size-full\"><a href=\"http:\/\/malpaisediciones.com\/sitio\/wp-content\/uploads\/2012\/06\/agotado2.png\"><img loading=\"lazy\" decoding=\"async\" width=\"300\" height=\"123\" src=\"http:\/\/malpaisediciones.com\/sitio\/wp-content\/uploads\/2012\/06\/agotado2.png\" alt=\"\" class=\"wp-image-263\"\/><\/a><\/figure>\r\n\r\n\r\n\r\n<p><strong>Mario Panyagua<\/strong><\/p>\r\n\r\n\r\n\r\n<p>\u00abMientras uno va leyendo el poemario \u00b4Puebler\u00edo\u00b4, de Mario Panyagua, va creciendo en el lector la sensaci\u00f3n de estar presenciando el fin del mundo, c\u00f3mo se desmorona frente a nuestros ojos. Panyagua enfoca su tierra bald\u00eda ya en el p\u00e1ramo norte del pa\u00eds, camino a la frontera; ya en el desierto de la gran ciudad, ya en el pueblo que ya no existe. Con \u00b4Puebler\u00edo\u00b4, Mario Panyagua nos muestra con creces que es un poeta con gran talento y en plena madurez de su oficio\u00bb.<br><em>H\u00e9ctor Carreto<\/em><\/p>\r\n\r\n\r\n\r\n<p><strong>Ilustraciones de:<\/strong> Carmen Lop<\/p>\r\n\r\n\r\n\r\n<p>92 pp \/ 12.5 x 19 cm<\/p>\r\n\r\n\r\n\r\n<p><strong>ISBN: 978-607-29-0698-3<\/strong><\/p>\r\n\r\n\r\n<a class=\"btnComprar\" href=\"https:\/\/malpaisediciones.com\/sitio\/producto\/pueblerio\/\">Comprar<\/a>","protected":false},"excerpt":{"rendered":"<p>&nbsp; Mario Panyagua \u00abMientras uno va leyendo el poemario \u00b4Puebler\u00edo\u00b4, de Mario Panyagua, va creciendo en el lector la sensaci\u00f3n de estar presenciando el fin del mundo, c\u00f3mo se desmorona frente a nuestros ojos. Panyagua enfoca su tierra bald\u00eda ya en el p\u00e1ramo norte del pa\u00eds, camino a la frontera; ya en el desierto de&#8230;<\/p>\n","protected":false},"author":1,"featured_media":511,"comment_status":"closed","ping_status":"closed","template":"","meta":{"_acf_changed":false,"footnotes":""},"portfolio_category":[50],"class_list":["post-499","portfolio","type-portfolio","status-publish","has-post-thumbnail","hentry","portfolio_category-poesia"],"acf":[],"_links":{"self":[{"href":"http:\/\/malpaisediciones.com\/sitio\/wp-json\/wp\/v2\/portfolio\/499","targetHints":{"allow":["GET"]}}],"collection":[{"href":"http:\/\/malpaisediciones.com\/sitio\/wp-json\/wp\/v2\/portfolio"}],"about":[{"href":"http:\/\/malpaisediciones.com\/sitio\/wp-json\/wp\/v2\/types\/portfolio"}],"author":[{"embeddable":true,"href":"http:\/\/malpaisediciones.com\/sitio\/wp-json\/wp\/v2\/users\/1"}],"replies":[{"embeddable":true,"href":"http:\/\/malpaisediciones.com\/sitio\/wp-json\/wp\/v2\/comments?post=499"}],"version-history":[{"count":6,"href":"http:\/\/malpaisediciones.com\/sitio\/wp-json\/wp\/v2\/portfolio\/499\/revisions"}],"predecessor-version":[{"id":4241,"href":"http:\/\/malpaisediciones.com\/sitio\/wp-json\/wp\/v2\/portfolio\/499\/revisions\/4241"}],"wp:featuredmedia":[{"embeddable":true,"href":"http:\/\/malpaisediciones.com\/sitio\/wp-json\/wp\/v2\/media\/511"}],"wp:attachment":[{"href":"http:\/\/malpaisediciones.com\/sitio\/wp-json\/wp\/v2\/media?parent=499"}],"wp:term":[{"taxonomy":"portfolio_category","embeddable":true,"href":"http:\/\/malpaisediciones.com\/sitio\/wp-json\/wp\/v2\/portfolio_category?post=499"}],"curies":[{"name":"wp","href":"https:\/\/api.w.org\/{rel}","templated":true}]}}

Pueblerío

<p>&nbsp;</p>



<figure class="wp-block-image size-full"><a href="http://malpaisediciones.com/sitio/wp-content/uploads/2012/06/agotado2.png"><img loading="lazy" decoding="async" width="300" height="123" src="http://malpaisediciones.com/sitio/wp-content/uploads/2012/06/agotado2.png" alt="" class="wp-image-263"/></a></figure>



<p><strong>Mario Panyagua</strong></p>



<p>«Mientras uno va leyendo el poemario ´Pueblerío´, de Mario Panyagua, va creciendo en el lector la sensación de estar presenciando el fin del mundo, cómo se desmorona frente a nuestros ojos. Panyagua enfoca su tierra baldía ya en el páramo norte del país, camino a la frontera; ya en el desierto de la gran ciudad, ya en el pueblo que ya no existe. Con ´Pueblerío´, Mario Panyagua nos muestra con creces que es un poeta con gran talento y en plena madurez de su oficio».<br><em>Héctor Carreto</em></p>



<p><strong>Ilustraciones de:</strong> Carmen Lop</p>



<p>92 pp / 12.5 x 19 cm</p>



<p><strong>ISBN: 978-607-29-0698-3</strong></p>


<a class="btnComprar" href="https://malpaisediciones.com/sitio/producto/pueblerio/">Comprar</a>

<p>&nbsp; Mario Panyagua «Mientras uno va leyendo el poemario ´Pueblerío´, de Mario Panyagua, va creciendo en el lector la sensación de estar presenciando el fin del mundo, cómo se desmorona frente a nuestros ojos. Panyagua enfoca su tierra baldía ya en el páramo norte del país, camino a la frontera; ya en el desierto de&#8230;</p>
