{"id":587,"date":"2018-10-12T19:40:00","date_gmt":"2018-10-12T19:40:00","guid":{"rendered":"http:\/\/malpaisediciones.com\/sitio\/?post_type=portfolio&#038;p=587"},"modified":"2025-07-07T21:56:19","modified_gmt":"2025-07-08T02:56:19","slug":"arena-mestiza","status":"publish","type":"portfolio","link":"http:\/\/malpaisediciones.com\/sitio\/portfolio\/arena-mestiza\/","title":{"rendered":"Arena mestiza"},"content":{"rendered":"<p><strong>Daniel Tell\u00e9z<\/strong><\/p>\n<p><em>Arena mestiza<\/em> es un tensa y estridente disecci\u00f3n del mundo de los encordados, de los gladiadores que se muestran escindidos, deshebrados, al contar sus haza\u00f1as, sus glorias y sus reveses idos, pero siempre resonantes en las arenas, entre el bullicio, las mentadas, las m\u00e1scaras y las playeras de los fan\u00e1ticos. La lucha libre mexicana llevada por primera vez y de manera central a un libro de poes\u00eda, no como una moda, sino con la sapiencia que da el probar la propia sangre y la ajena sobre el ring. Daniel T\u00e9llez nos entrega con <em>Arena mestiza <\/em>su testimonio y homenaje a ser luchador en M\u00e9xico.<\/p>\n<p><strong>Ilustraciones de:<\/strong> Edgar MT<\/p>\n<p>134 pp \/ 12.5 x 19 cm<\/p>\n<p><strong>ISBN: 978-607-29-0698-3<\/strong><\/p>\n<p><a class=\"btnComprar\" href=\"https:\/\/malpaisediciones.com\/sitio\/producto\/arena-mestiza\/\">Comprar<\/a><\/p>\n","protected":false},"excerpt":{"rendered":"<p>Daniel Tell\u00e9z Arena mestiza es un tensa y estridente disecci\u00f3n del mundo de los encordados, de los gladiadores que se muestran escindidos, deshebrados, al contar sus haza\u00f1as, sus glorias y sus reveses idos, pero siempre resonantes en las arenas, entre el bullicio, las mentadas, las m\u00e1scaras y las playeras de los fan\u00e1ticos. La lucha libre&#8230;<\/p>\n","protected":false},"author":1,"featured_media":628,"comment_status":"closed","ping_status":"closed","template":"","meta":{"_acf_changed":false,"footnotes":""},"portfolio_category":[50],"class_list":["post-587","portfolio","type-portfolio","status-publish","has-post-thumbnail","hentry","portfolio_category-poesia"],"acf":[],"_links":{"self":[{"href":"http:\/\/malpaisediciones.com\/sitio\/wp-json\/wp\/v2\/portfolio\/587","targetHints":{"allow":["GET"]}}],"collection":[{"href":"http:\/\/malpaisediciones.com\/sitio\/wp-json\/wp\/v2\/portfolio"}],"about":[{"href":"http:\/\/malpaisediciones.com\/sitio\/wp-json\/wp\/v2\/types\/portfolio"}],"author":[{"embeddable":true,"href":"http:\/\/malpaisediciones.com\/sitio\/wp-json\/wp\/v2\/users\/1"}],"replies":[{"embeddable":true,"href":"http:\/\/malpaisediciones.com\/sitio\/wp-json\/wp\/v2\/comments?post=587"}],"version-history":[{"count":9,"href":"http:\/\/malpaisediciones.com\/sitio\/wp-json\/wp\/v2\/portfolio\/587\/revisions"}],"predecessor-version":[{"id":4128,"href":"http:\/\/malpaisediciones.com\/sitio\/wp-json\/wp\/v2\/portfolio\/587\/revisions\/4128"}],"wp:featuredmedia":[{"embeddable":true,"href":"http:\/\/malpaisediciones.com\/sitio\/wp-json\/wp\/v2\/media\/628"}],"wp:attachment":[{"href":"http:\/\/malpaisediciones.com\/sitio\/wp-json\/wp\/v2\/media?parent=587"}],"wp:term":[{"taxonomy":"portfolio_category","embeddable":true,"href":"http:\/\/malpaisediciones.com\/sitio\/wp-json\/wp\/v2\/portfolio_category?post=587"}],"curies":[{"name":"wp","href":"https:\/\/api.w.org\/{rel}","templated":true}]}}

<p><strong>Daniel Telléz</strong></p>
<p><em>Arena mestiza</em> es un tensa y estridente disección del mundo de los encordados, de los gladiadores que se muestran escindidos, deshebrados, al contar sus hazañas, sus glorias y sus reveses idos, pero siempre resonantes en las arenas, entre el bullicio, las mentadas, las máscaras y las playeras de los fanáticos. La lucha libre mexicana llevada por primera vez y de manera central a un libro de poesía, no como una moda, sino con la sapiencia que da el probar la propia sangre y la ajena sobre el ring. Daniel Téllez nos entrega con <em>Arena mestiza </em>su testimonio y homenaje a ser luchador en México.</p>
<p><strong>Ilustraciones de:</strong> Edgar MT</p>
<p>134 pp / 12.5 x 19 cm</p>
<p><strong>ISBN: 978-607-29-0698-3</strong></p>
<p><a class="btnComprar" href="https://malpaisediciones.com/sitio/producto/arena-mestiza/">Comprar</a></p>

<p>Daniel Telléz Arena mestiza es un tensa y estridente disección del mundo de los encordados, de los gladiadores que se muestran escindidos, deshebrados, al contar sus hazañas, sus glorias y sus reveses idos, pero siempre resonantes en las arenas, entre el bullicio, las mentadas, las máscaras y las playeras de los fanáticos. La lucha libre&#8230;</p>
