{"id":4142,"date":"2025-07-08T12:43:14","date_gmt":"2025-07-08T17:43:14","guid":{"rendered":"https:\/\/malpaisediciones.com\/sitio\/?post_type=product&#038;p=4142"},"modified":"2026-01-08T11:52:47","modified_gmt":"2026-01-08T17:52:47","slug":"el-canto-del-gallo-poelectrones","status":"publish","type":"product","link":"http:\/\/malpaisediciones.com\/sitio\/producto\/el-canto-del-gallo-poelectrones\/","title":{"rendered":"El canto del gallo. Poelectrones"},"content":{"rendered":"<p>Autor: Jes\u00fas Arellano<\/p>\n","protected":false},"excerpt":{"rendered":"<p><strong>Jes\u00fas Arellano<\/strong><\/p>\n<p>El canto del gallo tiene como su mejor contexto a la poes\u00eda visual internacional: la explosi\u00f3n de neoconcretismos en Sudam\u00e9rica, Norteam\u00e9rica y Europa entre mediados de los a\u00f1os sesenta y la primera mitad de los setenta. La poes\u00eda visual neoconcretista y post-concretista fue un lenguaje internacional, quiz\u00e1 la primera po\u00e9tica global, ac\u00e9ntrica, que todav\u00eda hoy es incorrectamente contextualizada. Los poelectrones de Arellano se alimentan de fuerzas externas a la \u201cliteratura nacional\u201d: tecnolog\u00edas nuevas, tendencias for\u00e1neas, que, sin embargo, logra conectar con su propio contexto cr\u00edtico: una poblaci\u00f3n descontenta y un medio intelectual putrefacto. Ninguna otra poes\u00eda visual que se ha hecho en M\u00e9xico ha sido m\u00e1s contempor\u00e1nea que la suya. El poelectr\u00f3n es una especie de diagrama que registra la interacci\u00f3n de fuerzas que formaban un nuevo sujeto po\u00e9tico y una nueva forma de transmisi\u00f3n del disenso.<\/p>\n<p>156 pp \/ 10.5 x 16 cm<\/p>\n<p><strong>ISBN: 978-607-97604-5-8<\/strong><\/p>\n","protected":false},"featured_media":652,"template":"","meta":{"_acf_changed":false},"product_brand":[],"product_cat":[70],"product_tag":[],"class_list":{"0":"post-4142","1":"product","2":"type-product","3":"status-publish","4":"has-post-thumbnail","6":"product_cat-libros","8":"first","9":"instock","10":"shipping-taxable","11":"purchasable","12":"product-type-simple"},"acf":[],"_links":{"self":[{"href":"http:\/\/malpaisediciones.com\/sitio\/wp-json\/wp\/v2\/product\/4142","targetHints":{"allow":["GET"]}}],"collection":[{"href":"http:\/\/malpaisediciones.com\/sitio\/wp-json\/wp\/v2\/product"}],"about":[{"href":"http:\/\/malpaisediciones.com\/sitio\/wp-json\/wp\/v2\/types\/product"}],"wp:featuredmedia":[{"embeddable":true,"href":"http:\/\/malpaisediciones.com\/sitio\/wp-json\/wp\/v2\/media\/652"}],"wp:attachment":[{"href":"http:\/\/malpaisediciones.com\/sitio\/wp-json\/wp\/v2\/media?parent=4142"}],"wp:term":[{"taxonomy":"product_brand","embeddable":true,"href":"http:\/\/malpaisediciones.com\/sitio\/wp-json\/wp\/v2\/product_brand?post=4142"},{"taxonomy":"product_cat","embeddable":true,"href":"http:\/\/malpaisediciones.com\/sitio\/wp-json\/wp\/v2\/product_cat?post=4142"},{"taxonomy":"product_tag","embeddable":true,"href":"http:\/\/malpaisediciones.com\/sitio\/wp-json\/wp\/v2\/product_tag?post=4142"}],"curies":[{"name":"wp","href":"https:\/\/api.w.org\/{rel}","templated":true}]}}