{"id":4170,"date":"2025-07-08T13:31:38","date_gmt":"2025-07-08T18:31:38","guid":{"rendered":"https:\/\/malpaisediciones.com\/sitio\/?post_type=product&#038;p=4170"},"modified":"2025-07-08T13:34:25","modified_gmt":"2025-07-08T18:34:25","slug":"estado-de-mexico-la-democracia-en-mexico-1965-2015","status":"publish","type":"product","link":"http:\/\/malpaisediciones.com\/sitio\/producto\/estado-de-mexico-la-democracia-en-mexico-1965-2015\/","title":{"rendered":"Estado de M\u00e9xico. La democracia en M\u00e9xico (1965-2015)"},"content":{"rendered":"<p>Autor: Lagartijas tiradas al sol<\/p>\n","protected":false},"excerpt":{"rendered":"<p><strong>Juan Leduc<\/strong><\/p>\n<p><em>Estado de M\u00e9xico<\/em> (Malpa\u00eds ediciones\/Catarata), es un ensayo fotogr\u00e1fico planeado por el grupo teatral Lagartijas tiradas al sol con la coordinaci\u00f3n y fotograf\u00edas de Juan Leduc. Este volumen busca metaforizar las condiciones de un \u00abEstado democr\u00e1tico\u00bb en la tierra yerma, en la geograf\u00eda desvertebrada de un \u00e1spero desierto muy cercano a la ciudad de M\u00e9xico, las correspondencias entre desolaci\u00f3n, injusticia, rabia, humor negro encarnan la perfecta imagen de una patria que parece siempre estar bordeando los abismos. Tiraje de 500 ejemplares.<\/p>\n<p>Un proyecto de Lagartijas tiradas al sol. Editado en coedici\u00f3n con Catarata.<\/p>\n<p>64 pp \/ 17 x 22.5 cm<\/p>\n","protected":false},"featured_media":549,"template":"","meta":{"_acf_changed":false},"product_brand":[],"product_cat":[70],"product_tag":[],"class_list":{"0":"post-4170","1":"product","2":"type-product","3":"status-publish","4":"has-post-thumbnail","6":"product_cat-libros","8":"first","9":"instock","10":"shipping-taxable","11":"purchasable","12":"product-type-simple"},"acf":[],"_links":{"self":[{"href":"http:\/\/malpaisediciones.com\/sitio\/wp-json\/wp\/v2\/product\/4170","targetHints":{"allow":["GET"]}}],"collection":[{"href":"http:\/\/malpaisediciones.com\/sitio\/wp-json\/wp\/v2\/product"}],"about":[{"href":"http:\/\/malpaisediciones.com\/sitio\/wp-json\/wp\/v2\/types\/product"}],"wp:featuredmedia":[{"embeddable":true,"href":"http:\/\/malpaisediciones.com\/sitio\/wp-json\/wp\/v2\/media\/549"}],"wp:attachment":[{"href":"http:\/\/malpaisediciones.com\/sitio\/wp-json\/wp\/v2\/media?parent=4170"}],"wp:term":[{"taxonomy":"product_brand","embeddable":true,"href":"http:\/\/malpaisediciones.com\/sitio\/wp-json\/wp\/v2\/product_brand?post=4170"},{"taxonomy":"product_cat","embeddable":true,"href":"http:\/\/malpaisediciones.com\/sitio\/wp-json\/wp\/v2\/product_cat?post=4170"},{"taxonomy":"product_tag","embeddable":true,"href":"http:\/\/malpaisediciones.com\/sitio\/wp-json\/wp\/v2\/product_tag?post=4170"}],"curies":[{"name":"wp","href":"https:\/\/api.w.org\/{rel}","templated":true}]}}