{"id":4177,"date":"2025-07-08T13:52:25","date_gmt":"2025-07-08T18:52:25","guid":{"rendered":"https:\/\/malpaisediciones.com\/sitio\/?post_type=product&#038;p=4177"},"modified":"2025-11-05T11:35:53","modified_gmt":"2025-11-05T17:35:53","slug":"la-libertad-tiene-otro-nombre","status":"publish","type":"product","link":"http:\/\/malpaisediciones.com\/sitio\/producto\/la-libertad-tiene-otro-nombre\/","title":{"rendered":"La libertad tiene otro nombre"},"content":{"rendered":"<p>Autor: Carlos Eduardo Tur\u00f3n<\/p>\n","protected":false},"excerpt":{"rendered":"<p><strong>Carlos Eduardo Tur\u00f3n<\/strong><\/p>\n<p>La libertad tiene otro nombre resulta un libro at\u00edpico dentro de la tradici\u00f3n po\u00e9tica mexicana. No se parece a la poes\u00eda militante, al estilo de Enrique Gonz\u00e1lez Rojo Arthur, Leopoldo Ayala o Roberto L\u00f3pez Moreno, afines ideol\u00f3gicamente a Tur\u00f3n, pero con intereses l\u00edricos dis\u00edmbolos a \u00e9ste, por m\u00e1s que sea posible encontrar algunos puntos de contacto. No se parece, ya dijimos, ni a la po\u00e9tica trascendentalista ni al coloquialismo que trababan la disputa est\u00e9tica de la poes\u00eda de la d\u00e9cada.<\/p>\n<p>96 pp \/ 10.5 x 16 cm<\/p>\n<p>ISBN: 978-607-97604-7-2<\/p>\n","protected":false},"featured_media":659,"template":"","meta":{"_acf_changed":false},"product_brand":[],"product_cat":[70],"product_tag":[],"class_list":{"0":"post-4177","1":"product","2":"type-product","3":"status-publish","4":"has-post-thumbnail","6":"product_cat-libros","8":"first","9":"instock","10":"shipping-taxable","11":"purchasable","12":"product-type-simple"},"acf":[],"_links":{"self":[{"href":"http:\/\/malpaisediciones.com\/sitio\/wp-json\/wp\/v2\/product\/4177","targetHints":{"allow":["GET"]}}],"collection":[{"href":"http:\/\/malpaisediciones.com\/sitio\/wp-json\/wp\/v2\/product"}],"about":[{"href":"http:\/\/malpaisediciones.com\/sitio\/wp-json\/wp\/v2\/types\/product"}],"wp:featuredmedia":[{"embeddable":true,"href":"http:\/\/malpaisediciones.com\/sitio\/wp-json\/wp\/v2\/media\/659"}],"wp:attachment":[{"href":"http:\/\/malpaisediciones.com\/sitio\/wp-json\/wp\/v2\/media?parent=4177"}],"wp:term":[{"taxonomy":"product_brand","embeddable":true,"href":"http:\/\/malpaisediciones.com\/sitio\/wp-json\/wp\/v2\/product_brand?post=4177"},{"taxonomy":"product_cat","embeddable":true,"href":"http:\/\/malpaisediciones.com\/sitio\/wp-json\/wp\/v2\/product_cat?post=4177"},{"taxonomy":"product_tag","embeddable":true,"href":"http:\/\/malpaisediciones.com\/sitio\/wp-json\/wp\/v2\/product_tag?post=4177"}],"curies":[{"name":"wp","href":"https:\/\/api.w.org\/{rel}","templated":true}]}}