{"id":4185,"date":"2025-07-08T14:02:15","date_gmt":"2025-07-08T19:02:15","guid":{"rendered":"https:\/\/malpaisediciones.com\/sitio\/?post_type=product&#038;p=4185"},"modified":"2025-07-08T14:05:25","modified_gmt":"2025-07-08T19:05:25","slug":"la-sinfonia-del-espectador-de-fanny-miche","status":"publish","type":"product","link":"http:\/\/malpaisediciones.com\/sitio\/producto\/la-sinfonia-del-espectador-de-fanny-miche\/","title":{"rendered":"La sinfon\u00eda del espectador de Fanny Mich\u00e9"},"content":{"rendered":"<p>Autor: Emilio Hionojosa Carri\u00f3n<\/p>\n","protected":false},"excerpt":{"rendered":"<p><strong>Emilio Hinojosa Carri\u00f3n<\/strong><\/p>\n<p>Estos \u00abguiones radiof\u00f3nicos\u00bb, o sinfon\u00eda o m\u00fasica total, o declamaciones o sermones o conjuros o ensayos, o poemas o cantos que nos cambiaron, que nos formaron, que nos hicieron lo que somos, que da\u00f1aron el centro de la civilizaci\u00f3n, est\u00e1n disponibles, y es importante pues es pura visi\u00f3n y que nos debe recordar que las profetas llegan sin permiso a dejar su herencia de fuego y flores. <em>La Sinfon\u00eda del Espectador de Fanny Mich\u00e9<\/em> se queda ah\u00ed, entre los libros de iluminaci\u00f3n destinados a ser encontrados por los que buscan. <\/p>\n<p>5 libros de 20 x 27 contenidos en una carpeta<\/p>\n","protected":false},"featured_media":3895,"template":"","meta":{"_acf_changed":false},"product_brand":[],"product_cat":[70],"product_tag":[],"class_list":{"0":"post-4185","1":"product","2":"type-product","3":"status-publish","4":"has-post-thumbnail","6":"product_cat-libros","8":"first","9":"instock","10":"shipping-taxable","11":"purchasable","12":"product-type-simple"},"acf":[],"_links":{"self":[{"href":"http:\/\/malpaisediciones.com\/sitio\/wp-json\/wp\/v2\/product\/4185","targetHints":{"allow":["GET"]}}],"collection":[{"href":"http:\/\/malpaisediciones.com\/sitio\/wp-json\/wp\/v2\/product"}],"about":[{"href":"http:\/\/malpaisediciones.com\/sitio\/wp-json\/wp\/v2\/types\/product"}],"wp:featuredmedia":[{"embeddable":true,"href":"http:\/\/malpaisediciones.com\/sitio\/wp-json\/wp\/v2\/media\/3895"}],"wp:attachment":[{"href":"http:\/\/malpaisediciones.com\/sitio\/wp-json\/wp\/v2\/media?parent=4185"}],"wp:term":[{"taxonomy":"product_brand","embeddable":true,"href":"http:\/\/malpaisediciones.com\/sitio\/wp-json\/wp\/v2\/product_brand?post=4185"},{"taxonomy":"product_cat","embeddable":true,"href":"http:\/\/malpaisediciones.com\/sitio\/wp-json\/wp\/v2\/product_cat?post=4185"},{"taxonomy":"product_tag","embeddable":true,"href":"http:\/\/malpaisediciones.com\/sitio\/wp-json\/wp\/v2\/product_tag?post=4185"}],"curies":[{"name":"wp","href":"https:\/\/api.w.org\/{rel}","templated":true}]}}