{"id":4192,"date":"2025-07-08T14:18:25","date_gmt":"2025-07-08T19:18:25","guid":{"rendered":"https:\/\/malpaisediciones.com\/sitio\/?post_type=product&#038;p=4192"},"modified":"2025-07-08T14:20:16","modified_gmt":"2025-07-08T19:20:16","slug":"los-danzantes-espacios-estatutarios","status":"publish","type":"product","link":"http:\/\/malpaisediciones.com\/sitio\/producto\/los-danzantes-espacios-estatutarios\/","title":{"rendered":"Los danzantes. Espacios estatutarios"},"content":{"rendered":"<p>Autor: Ra\u00fal Gardu\u00f1o<\/p>\n","protected":false},"excerpt":{"rendered":"<p><strong>Ra\u00fal Gardu\u00f1o<\/strong><\/p>\n<p>\u201cLos poemas de Gardu\u00f1o son luminosos en su intenci\u00f3n de multiplicar los sentidos del lenguaje y escarbar en el ser danzante-estatuario hasta encontrar al ser vivo y abierto de sus posibilidades existenciales; como estallidos de im\u00e1genes, se trata de acumulaciones prot\u00e9ticas del ser-en-el-tiempo; pero tambi\u00e9n son desconcertantes enigmas sin soluci\u00f3n para un lector perezoso. Su poes\u00eda no era una experiencia de la s\u00edntesis y la conclusi\u00f3n, sino todo lo contrario: est\u00e9tica que se nutr\u00eda de la dispersi\u00f3n de la imagen y el sentido hasta la misma obliteraci\u00f3n cognitiva (y ontol\u00f3gica). Se lee a Gardu\u00f1o no para saber, sino para dejarse ocupar por el ser y el tiempo de una est\u00e9tica que, mientras existan los lectores tenaces, seguir\u00e1 viva.\u201d Alejandro Higashi.<\/p>\n<p>216 pp \/ 10.5 x 16 cm<\/p>\n<p><strong>ISBN: 978-607-96628-7-5<\/strong><\/p>\n","protected":false},"featured_media":246,"template":"","meta":{"_acf_changed":false},"product_brand":[],"product_cat":[70],"product_tag":[],"class_list":{"0":"post-4192","1":"product","2":"type-product","3":"status-publish","4":"has-post-thumbnail","6":"product_cat-libros","8":"first","9":"outofstock","10":"shipping-taxable","11":"product-type-simple"},"acf":[],"_links":{"self":[{"href":"http:\/\/malpaisediciones.com\/sitio\/wp-json\/wp\/v2\/product\/4192","targetHints":{"allow":["GET"]}}],"collection":[{"href":"http:\/\/malpaisediciones.com\/sitio\/wp-json\/wp\/v2\/product"}],"about":[{"href":"http:\/\/malpaisediciones.com\/sitio\/wp-json\/wp\/v2\/types\/product"}],"wp:featuredmedia":[{"embeddable":true,"href":"http:\/\/malpaisediciones.com\/sitio\/wp-json\/wp\/v2\/media\/246"}],"wp:attachment":[{"href":"http:\/\/malpaisediciones.com\/sitio\/wp-json\/wp\/v2\/media?parent=4192"}],"wp:term":[{"taxonomy":"product_brand","embeddable":true,"href":"http:\/\/malpaisediciones.com\/sitio\/wp-json\/wp\/v2\/product_brand?post=4192"},{"taxonomy":"product_cat","embeddable":true,"href":"http:\/\/malpaisediciones.com\/sitio\/wp-json\/wp\/v2\/product_cat?post=4192"},{"taxonomy":"product_tag","embeddable":true,"href":"http:\/\/malpaisediciones.com\/sitio\/wp-json\/wp\/v2\/product_tag?post=4192"}],"curies":[{"name":"wp","href":"https:\/\/api.w.org\/{rel}","templated":true}]}}