{"id":4213,"date":"2025-07-08T15:44:05","date_gmt":"2025-07-08T20:44:05","guid":{"rendered":"https:\/\/malpaisediciones.com\/sitio\/?post_type=product&#038;p=4213"},"modified":"2025-07-08T15:46:24","modified_gmt":"2025-07-08T20:46:24","slug":"nada-aqui","status":"publish","type":"product","link":"http:\/\/malpaisediciones.com\/sitio\/producto\/nada-aqui\/","title":{"rendered":"Nada aqu\u00ed"},"content":{"rendered":"<p>Autor: Emmanuel Pe\u00f1a<\/p>\n","protected":false},"excerpt":{"rendered":"<p><!-- wp:paragraph --><\/p>\n<p><strong>Emmanuel Pe\u00f1a<\/strong><\/p>\n<p><!-- \/wp:paragraph --><\/p>\n<p><!-- wp:paragraph --><\/p>\n<p>Novela gr\u00e1fica y sin palabras, de Emmanuel Pe\u00f1a que cuenta a partir de ocho historias, ocho trayectos, ocho personajes, las cualidades narrativas del espacio p\u00fablico. Toda ciudad es una prisi\u00f3n, un laberinto y un oasis, los habitantes de las calles del centro hist\u00f3rico de la ciudad de M\u00e9xico lo saben. Cuantos prisioneros no nos miran desde los andadores de Madero, o desde la Torre latinoamericana, a nosotros hormigas de paso. Cuantos hilos a dejado el minotauro para entrar y salir por Metro Bellas Artes, Z\u00f3calo, Allende, Pino Su\u00e1rez, Salto del Agua, Hidalgo, Isabel La Cat\u00f3lica. Cuantos viajantes fueron saciados por la promesa de un tesoro escondido en las esquinas de la llamada Ciudad de los Palacios, y cuantos m\u00e1s dejaron un cofre (acaso de Pandora) para no volver la vista atr\u00e1s. Pe\u00f1a resuelve con la fragmentaci\u00f3n un movimiento fluido por el espacio, su narrador en las veces de c\u00e1mara oculta, es un ser invisible casi mir\u00f3n; no de la piel, sino de lo que se esconde debajo: las intenciones humanas.<\/p>\n<p><!-- \/wp:paragraph --><\/p>\n<p><!-- wp:paragraph --><\/p>\n<p>128 pp \/ 18 x 24 cm<\/p>\n<p><!-- \/wp:paragraph --><\/p>\n<p><!-- wp:paragraph --><\/p>\n<p><strong>ISBN: 978-607-98050-1-2<\/strong><\/p>\n<p><!-- \/wp:paragraph --><\/p>\n","protected":false},"featured_media":635,"template":"","meta":{"_acf_changed":false},"product_brand":[],"product_cat":[70],"product_tag":[],"class_list":{"0":"post-4213","1":"product","2":"type-product","3":"status-publish","4":"has-post-thumbnail","6":"product_cat-libros","8":"first","9":"outofstock","10":"shipping-taxable","11":"product-type-simple"},"acf":[],"_links":{"self":[{"href":"http:\/\/malpaisediciones.com\/sitio\/wp-json\/wp\/v2\/product\/4213","targetHints":{"allow":["GET"]}}],"collection":[{"href":"http:\/\/malpaisediciones.com\/sitio\/wp-json\/wp\/v2\/product"}],"about":[{"href":"http:\/\/malpaisediciones.com\/sitio\/wp-json\/wp\/v2\/types\/product"}],"wp:featuredmedia":[{"embeddable":true,"href":"http:\/\/malpaisediciones.com\/sitio\/wp-json\/wp\/v2\/media\/635"}],"wp:attachment":[{"href":"http:\/\/malpaisediciones.com\/sitio\/wp-json\/wp\/v2\/media?parent=4213"}],"wp:term":[{"taxonomy":"product_brand","embeddable":true,"href":"http:\/\/malpaisediciones.com\/sitio\/wp-json\/wp\/v2\/product_brand?post=4213"},{"taxonomy":"product_cat","embeddable":true,"href":"http:\/\/malpaisediciones.com\/sitio\/wp-json\/wp\/v2\/product_cat?post=4213"},{"taxonomy":"product_tag","embeddable":true,"href":"http:\/\/malpaisediciones.com\/sitio\/wp-json\/wp\/v2\/product_tag?post=4213"}],"curies":[{"name":"wp","href":"https:\/\/api.w.org\/{rel}","templated":true}]}}