{"id":4227,"date":"2025-07-08T15:57:44","date_gmt":"2025-07-08T20:57:44","guid":{"rendered":"https:\/\/malpaisediciones.com\/sitio\/?post_type=product&#038;p=4227"},"modified":"2025-08-15T14:10:31","modified_gmt":"2025-08-15T19:10:31","slug":"refractario","status":"publish","type":"product","link":"http:\/\/malpaisediciones.com\/sitio\/producto\/refractario\/","title":{"rendered":"Refractario"},"content":{"rendered":"<p>Autor: Eduardo Parra Ram\u00edrez<\/p>\n","protected":false},"excerpt":{"rendered":"<p><strong>Eduardo Parra<\/strong><\/p>\n<p>\u00abCreo no equivocarme si digo que Refractario es un libro que quema por sus efectos de fuego y de helada. Quema, arde, incendia, asfixia, libera, detiene, abruma, y vuelve a quemar, arder, incendiar, asfixiar, liberar, detener y abrumar. Lo hace de la manera m\u00e1s compleja: sencillamente, con las pu\u00f1aladas de la mirada, con el filo m\u00e1s cortante de la palabra, con la presencia de ventanales pero tambi\u00e9n de s\u00f3tanos, delante de un mar que es la parte m\u00e1s aciaga de la infancia, en los recovecos de una distancia que s\u00f3lo indica la presencia de una herida expuesta a las ausencias, bajo el imperativo de una contemplaci\u00f3n alineada con la existencia, entre cuadernos vac\u00edos a punto de ser ocupados por una escritura que, se dice, es hu\u00e9rfana de idioma\u00bb. <em>Carlos Skliar<\/em><\/p>\n<p><strong>Ilustraciones de:<\/strong> Coral Medrano<\/p>\n<p>86 pp \/ 12.5 x 19 cm<\/p>\n<p><strong>ISBN: 978-607-9664-44-2<\/strong><\/p>\n","protected":false},"featured_media":368,"template":"","meta":{"_acf_changed":false},"product_brand":[],"product_cat":[70],"product_tag":[],"class_list":{"0":"post-4227","1":"product","2":"type-product","3":"status-publish","4":"has-post-thumbnail","6":"product_cat-libros","8":"first","9":"instock","10":"shipping-taxable","11":"purchasable","12":"product-type-simple"},"acf":[],"_links":{"self":[{"href":"http:\/\/malpaisediciones.com\/sitio\/wp-json\/wp\/v2\/product\/4227","targetHints":{"allow":["GET"]}}],"collection":[{"href":"http:\/\/malpaisediciones.com\/sitio\/wp-json\/wp\/v2\/product"}],"about":[{"href":"http:\/\/malpaisediciones.com\/sitio\/wp-json\/wp\/v2\/types\/product"}],"wp:featuredmedia":[{"embeddable":true,"href":"http:\/\/malpaisediciones.com\/sitio\/wp-json\/wp\/v2\/media\/368"}],"wp:attachment":[{"href":"http:\/\/malpaisediciones.com\/sitio\/wp-json\/wp\/v2\/media?parent=4227"}],"wp:term":[{"taxonomy":"product_brand","embeddable":true,"href":"http:\/\/malpaisediciones.com\/sitio\/wp-json\/wp\/v2\/product_brand?post=4227"},{"taxonomy":"product_cat","embeddable":true,"href":"http:\/\/malpaisediciones.com\/sitio\/wp-json\/wp\/v2\/product_cat?post=4227"},{"taxonomy":"product_tag","embeddable":true,"href":"http:\/\/malpaisediciones.com\/sitio\/wp-json\/wp\/v2\/product_tag?post=4227"}],"curies":[{"name":"wp","href":"https:\/\/api.w.org\/{rel}","templated":true}]}}