{"id":4183,"date":"2025-07-08T13:59:21","date_gmt":"2025-07-08T18:59:21","guid":{"rendered":"https:\/\/malpaisediciones.com\/sitio\/?post_type=product&#038;p=4183"},"modified":"2025-07-08T14:01:26","modified_gmt":"2025-07-08T19:01:26","slug":"la-oracion-del-ogro","status":"publish","type":"product","link":"https:\/\/malpaisediciones.com\/sitio\/producto\/la-oracion-del-ogro\/","title":{"rendered":"La oraci\u00f3n del ogro"},"content":{"rendered":"<p>Autor: Jaime Reyes<\/p>\n","protected":false},"excerpt":{"rendered":"<p><strong>Jaime Reyes<\/strong><\/p>\n<p>\u201cCon la publicaci\u00f3n de <em>La oraci\u00f3n del ogro <\/em>(1984), Jaime Reyes plante\u00f3 a la poes\u00eda mexicana una serie de preguntas que reci\u00e9n se est\u00e1n contestando. La primera interrogante cuestiona los par\u00e1metros tradicionales de poes\u00eda, Reyes dej\u00f3 en claro su no aceptaci\u00f3n frente al g\u00e9nero l\u00edrico, entendido como un espacio estable y acabado en s\u00ed mismo. A partir de este rechazo, reformula y propone una forma de escribir; Adolfo Casta\u00f1\u00f3n la ha llamado \u201cpoes\u00eda testimonial\u201d, a lo que \u00e9l mismo agrega, -si es que eso existe-. Me parece que el m\u00e9rito de Reyes, reside, entre otras cosas, en la creaci\u00f3n de un g\u00e9nero h\u00edbrido que sin duda se adelant\u00f3 a su \u00e9poca, adem\u00e1s de servir como un parteaguas de escrituras que cuestionan los l\u00edmites y por ello crean y renuevan.\u201d Eva Casta\u00f1eda Barrera.<\/p>\n<p>176 pp \/ 10.5 x 16 cm<\/p>\n<p><strong>ISBN: 978-607-96628-4-4<\/strong><\/p>\n","protected":false},"featured_media":236,"template":"","meta":{"_acf_changed":false},"product_brand":[],"product_cat":[70],"product_tag":[],"class_list":{"0":"post-4183","1":"product","2":"type-product","3":"status-publish","4":"has-post-thumbnail","6":"product_cat-libros","8":"first","9":"outofstock","10":"shipping-taxable","11":"product-type-simple"},"acf":[],"_links":{"self":[{"href":"https:\/\/malpaisediciones.com\/sitio\/wp-json\/wp\/v2\/product\/4183","targetHints":{"allow":["GET"]}}],"collection":[{"href":"https:\/\/malpaisediciones.com\/sitio\/wp-json\/wp\/v2\/product"}],"about":[{"href":"https:\/\/malpaisediciones.com\/sitio\/wp-json\/wp\/v2\/types\/product"}],"wp:featuredmedia":[{"embeddable":true,"href":"https:\/\/malpaisediciones.com\/sitio\/wp-json\/wp\/v2\/media\/236"}],"wp:attachment":[{"href":"https:\/\/malpaisediciones.com\/sitio\/wp-json\/wp\/v2\/media?parent=4183"}],"wp:term":[{"taxonomy":"product_brand","embeddable":true,"href":"https:\/\/malpaisediciones.com\/sitio\/wp-json\/wp\/v2\/product_brand?post=4183"},{"taxonomy":"product_cat","embeddable":true,"href":"https:\/\/malpaisediciones.com\/sitio\/wp-json\/wp\/v2\/product_cat?post=4183"},{"taxonomy":"product_tag","embeddable":true,"href":"https:\/\/malpaisediciones.com\/sitio\/wp-json\/wp\/v2\/product_tag?post=4183"}],"curies":[{"name":"wp","href":"https:\/\/api.w.org\/{rel}","templated":true}]}}