{"id":4252,"date":"2025-07-08T22:26:00","date_gmt":"2025-07-09T03:26:00","guid":{"rendered":"https:\/\/malpaisediciones.com\/sitio\/?post_type=product&#038;p=4252"},"modified":"2025-07-08T22:27:54","modified_gmt":"2025-07-09T03:27:54","slug":"tren-suburbano","status":"publish","type":"product","link":"https:\/\/malpaisediciones.com\/sitio\/producto\/tren-suburbano\/","title":{"rendered":"Tren Suburbano"},"content":{"rendered":"<p>Autor: Aldo Rosales Vel\u00e1zquez <\/p>\n","protected":false},"excerpt":{"rendered":"<p><strong>Aldo Rosales<\/strong><\/p>\n<p>Usualmente vemos a la periferia de la Ciudad de M\u00e9xico y su frontera con el Estado de M\u00e9xico de manera clasista, despectiva e impenetrable. Este volumen de cr\u00f3nicas deshebra las v\u00edsceras de la zona lim\u00edtrofe de dichas entidades, que suele ser tierra de nadie o de muy pocos. La violencia, la desaz\u00f3n, la derrota como formas habituales de subsistencia se abren de par en par en esta publicaci\u00f3n. Una prosa po\u00e9tica que devasta hasta el crujimiento.<br \/>\nLa artista visual Rosario Lucas realiz\u00f3 un c\u00f3mic basado en una de las cr\u00f3nicas, que sirve como portada e interior del volumen.<\/p>\n<p><strong>Ilustraciones de:<\/strong> Rosario Lucas<\/p>\n<p>192 pp \/ 17 x 26 cm<\/p>\n<p><strong>ISBN: 978-607-98050-5-0<\/strong><\/p>\n","protected":false},"featured_media":3637,"template":"","meta":{"_acf_changed":false},"product_brand":[],"product_cat":[70],"product_tag":[],"class_list":{"0":"post-4252","1":"product","2":"type-product","3":"status-publish","4":"has-post-thumbnail","6":"product_cat-libros","8":"first","9":"outofstock","10":"shipping-taxable","11":"product-type-simple"},"acf":[],"_links":{"self":[{"href":"https:\/\/malpaisediciones.com\/sitio\/wp-json\/wp\/v2\/product\/4252","targetHints":{"allow":["GET"]}}],"collection":[{"href":"https:\/\/malpaisediciones.com\/sitio\/wp-json\/wp\/v2\/product"}],"about":[{"href":"https:\/\/malpaisediciones.com\/sitio\/wp-json\/wp\/v2\/types\/product"}],"wp:featuredmedia":[{"embeddable":true,"href":"https:\/\/malpaisediciones.com\/sitio\/wp-json\/wp\/v2\/media\/3637"}],"wp:attachment":[{"href":"https:\/\/malpaisediciones.com\/sitio\/wp-json\/wp\/v2\/media?parent=4252"}],"wp:term":[{"taxonomy":"product_brand","embeddable":true,"href":"https:\/\/malpaisediciones.com\/sitio\/wp-json\/wp\/v2\/product_brand?post=4252"},{"taxonomy":"product_cat","embeddable":true,"href":"https:\/\/malpaisediciones.com\/sitio\/wp-json\/wp\/v2\/product_cat?post=4252"},{"taxonomy":"product_tag","embeddable":true,"href":"https:\/\/malpaisediciones.com\/sitio\/wp-json\/wp\/v2\/product_tag?post=4252"}],"curies":[{"name":"wp","href":"https:\/\/api.w.org\/{rel}","templated":true}]}}